et p be ((-16)/3 - -6)*(-18)/2. What is g(p)?
3
Suppose -3*g - 25 = -5*n, 2*n = 7*n - 2*g - 20. Let y(z) = 3 - n*z + 8 - 13. Determine y(2).
-6
Let t(k) = k - 1. Let s(y) = 4*y - 5. Let m be 2/(-5)*95/38. Let i(d) = m*s(d) + 6*t(d). What is i(2)?
3
Let c(b) = -6*b**2 - 27 + 4*b**3 + 3 - 6*b + 28 - 3*b**3. Give c(7).
11
Let m = -634 - -620. Suppose 0*b + 52 = 4*b. Let p = m + b. Let y(o) = 2*o**3. Determine y(p).
-2
Let l(j) = 18*j**3 - 10*j**2 - 3 + 11*j**3 + 17*j**3 - 45*j**3. Give l(10).
-3
Let n = 26 - 20. Let s(k) = k**3 - 3*k**2 + 3*k + 1. Let d be s(3). Suppose -n = 2*x - d. Let o(c) = -c**2 + 3*c - 1. Calculate o(x).
1
Let v(a) = 9*a**2 + 4*a - 3. Let g(c) = -5*c**2 - 2*c + 2. Let m(k) = 7*g(k) + 4*v(k). Calculate m(-3).
5
Suppose 3*y = 13*y + 60. Let c(k) be the second derivative of 1/20*k**5 + 1/2*k**4 + 0 - 3*k**2 - 1/6*k**3 + 2*k. What is c(y)?
0
Let s(v) = v - 9. Let m be (-2)/((-8)/(-6) - 2/1). Suppose 0*w - 2*b = -4*w + 22, 0 = -w + m*b + 13. Calculate s(w).
-5
Let w(j) = -4 + 8 - j + 9 - 8. What is w(4)?
1
Let s(f) = -1 + f**3 + f**2 + 5*f**2 - f**2 + f - f**2. Let o be s(-3). Let z(j) = j - 2*j + j + o - 8*j**2 - j**3. Calculate z(-8).
5
Let t(p) = 4*p**2 - 1. Let l(j) = j**3 + 7*j**2 + 6*j + 1. Let q = 2 - 1. Let b be (q + 2)*(3 + -5). Let i be l(b). What is t(i)?
3
Let j be (-2)/4*-16 + -2. Let p(t) = -3*t**2 + 2*t**2 + 5*t - t + 5. What is p(j)?
-7
Suppose 39*t = -4*a + 44*t + 68, 0 = 5*a + t - 56. Let l(b) = b**3 - 10*b**2 - 25*b + 17. Calculate l(a).
5
Let t be ((-6)/(3 + 3))/((-13)/(-26)). Let a(f) = 2*f**2 + 10*f + 2. Let i(c) = c. Let k(m) = -a(m) + 6*i(m). Calculate k(t).
-2
Let d(f) be the second derivative of f**5/20 + 7*f**4/6 + 9*f**2 - 790*f. Determine d(-14).
18
Let h(o) = o**2 + 7*o - 11. Let g be h(-7). Let s(z) = -z**2 - 10*z + 11. What is s(g)?
0
Let z(f) = -3*f. Let b be z(-2). Suppose 4*p - b*p + 22 = 0. Let t = p + -8. Let k(m) = -m**3 + 4*m**2 + m - 3. Calculate k(t).
9
Let r(u) = -u - 2. Suppose -29*v - 10 = -24*v. Let n be (-29)/(-5) + v/(-10). Give r(n).
-8
Suppose 5*k + k + 12 = 0. Let b be k*(-2 - (-2 + -2)). Let h(r) = 5*r**2 - r - 4. Let q(n) = -4*n**2 + n + 3. Let g(w) = b*q(w) - 3*h(w). What is g(0)?
0
Let f(a) = -3*a**2 - 2 + a + 5*a**2 - 3*a - 3*a**2. Suppose 0 = -3*y + 11 + 19. Let p = -13 + y. Determine f(p).
-5
Let w(i) = -5*i**3 + 5*i**2 + 6*i - 13. Let d(y) = -y + y**2 - 1 - 5*y**3 - y + 4*y**3 + 3*y. Let m(f) = -6*d(f) + w(f). Calculate m(0).
-7
Let p(k) = -2*k**2 - 19*k + 12. Let a be p(-10). Let w(c) = -c**2 + 2*c**3 - 3*c**3 + a*c**3 + 9. Let f = 31 - 31. Give w(f).
9
Let h(o) = -17*o + 2. Let j(i) = -225*i + 27. Let m(x) = -27*h(x) + 2*j(x). What is m(-1)?
-9
Let j(y) = -5*y - 17. Suppose -5*i + 2*d = 12, 16*d = -2*i + 12*d - 24. What is j(i)?
3
Suppose 0 = -4*u + 4*k - 16, 7*u + 22 = 2*u + 3*k. Let l(s) = -s**3 - 4*s**2 + 4*s - 17. Determine l(u).
-12
Let w = -454 + 447. Let x(q) = q**2 + 5*q - 2. What is x(w)?
12
Let o(t) be the second derivative of 2*t**5/5 - t**2/2 + 2*t. Suppose -h - 17 = -43. Suppose -11*l + 15 - h = 0. What is o(l)?
-9
Let p(f) = -4 - f**3 + 4*f**2 - 3*f**3 + 6*f + 3*f**3. Suppose -1 = -z, -4*o - 5*z + 25 = -0. Let b be p(o). Let g(l) = 10*l**2 + l - 1. What is g(b)?
10
Let b(o) = -3*o**2 + 3*o + 2. Let j be (-2)/((-21)/6 - -4) + 6. Suppose j*x = x - 2*y - 7, 2*x + 2*y + 4 = 0. Calculate b(x).
-16
Let x be -9*(-6)/9 - 15. Let q(u) = u + 1. Determine q(x).
-8
Let f(y) be the first derivative of 7/2*y**2 + 3*y - 1 + 1/6*y**3. Let q(d) be the first derivative of f(d). Give q(-4).
3
Let d = 14 + -20. Let t(v) be the second derivative of -v**3/6 - 2*v**2 - 10*v. Determine t(d).
2
Let o(t) be the second derivative of -t**4/12 + 17*t**3/6 + 13*t**2/2 + 95*t + 1. Give o(17).
13
Suppose 0 = 4*n + 5*v - 55, 5*n - 2*n - 4*v - 18 = 0. Let c(w) = -1. Let o(y) = y**3 - 11*y**2 + 9*y + 11. Let i(a) = 2*c(a) - o(a). Calculate i(n).
-3
Let h(j) = -j**2 - 2*j - 1. Let f = 0 - -2. Suppose -x - 2*x = -5*t + 10, -f*t + 25 = 3*x. Suppose -4*d = -5*l + d + x, -4*d - 19 = l. Determine h(l).
-4
Let i(p) = 1 - 254*p**2 + 126*p**2 + 124*p**2 - 2*p. Determine i(-2).
-11
Let r(n) = n**3 + 6*n**2 + 6*n - 4. Suppose 13*d - 20 + 72 = 0. Give r(d).
4
Let w(m) = 2*m**2 - 15*m - 6. Let s be 1 - (6/2 - 7). Let z(n) = 3*n + 4 - n**2 + 3 + s*n - 4. Let f(u) = 6*w(u) + 11*z(u). Give f(5).
12
Suppose -5*d = 10, -4*d = -5*z + d + 20. Suppose -5 = z*s + 3*s. Let b = s + -5. Let r(o) = -o**3 - 5*o**2 + 4*o. Give r(b).
12
Let i(u) = 3*u**2 - 5*u - 2. Let f be i(3). Let m(v) = -f + 0*v - 7*v + 10. Determine m(1).
-7
Let b(j) = -8*j + 12. Let z be b(2). Let k(t) = t**2 + 8*t. What is k(z)?
-16
Let z(l) = l - 4. Let n(d) = -d + 34. Let m be n(38). Give z(m).
-8
Suppose q - 8 = -q. Let d(x) = 46*x + 4. Let h(c) = -215*c - 19. Let t(u) = -14*d(u) - 3*h(u). Calculate t(q).
5
Let t(a) be the first derivative of 6*a - 2 - 7/2*a**2 - 1/4*a**4 - 8/3*a**3. Let s = -310 + 303. Calculate t(s).
6
Let p(x) = 340*x**2 + x - 170*x**2 - 152*x**2. Calculate p(-2).
70
Let r(t) = t**3 + 3*t**2 + 2*t + 1. Suppose 10*u + 5*l + 22 = 11*u, 0 = u + 3*l + 18. Calculate r(u).
-5
Let j = -92 - -85. Let y(o) = -7*o + 10. Determine y(j).
59
Let f(l) = l**2 + 44. Let v = -115 - -115. Determine f(v).
44
Let s(h) = -h**3 - h**2 - 21. Let v(z) = z + 6. Let j be v(-6). Calculate s(j).
-21
Suppose -4*w - 113 = -3*j, 2*j = w - 34 + 111. Suppose -3*h - j = -27. Let u(m) = -m**2 - 2*m + 3. Determine u(h).
-5
Let x(p) = -p**2 + 3*p + 3. Let r be x(3). Let a(n) = -2*n**2 + 3 + n**2 + 6*n - 5 + r. What is a(5)?
6
Let n(o) = o**3 + 2*o**2 - 2*o - 3. Let j = -39 - 54. Let i = -95 - j. Give n(i).
1
Let v(p) = 2*p**3 - 96*p**2 - 96*p - 93. Let f be v(49). Let y(j) be the second derivative of j**4/12 - 2*j**3/3 - 2*j**2 + 2*j. What is y(f)?
1
Let i(y) = -66*y - 21 - y**2 + 134*y - 52*y. What is i(13)?
18
Let i = 1 - -7. Let n(l) be the first derivative of l**2/2 - 8*l - 92. What is n(i)?
0
Let f = -5 - -16. Suppose 14 - f = 3*p. Let k(i) be the third derivative of i**4/8 + i**3/6 + i**2. Calculate k(p).
4
Let x(r) = 5*r**2 - 14*r - 7. Let z(o) = -14*o**2 + 41*o + 21. Let t be (-30)/4*8/(-10). Let n(j) = t*z(j) + 17*x(j). Let p = 1703 + -1708. Calculate n(p).
-8
Let y = -1456 + 1471. Let o(j) = j**2 - 14*j - 14. Calculate o(y).
1
Let k(v) = 11*v**2 + 4. Let x(s) = -10*s**2 - 4. Let g(n) = 2*k(n) + 3*x(n). Let m(d) be the first derivative of g(d). Give m(-1).
16
Let y(l) = 3*l + 1 + l - 3*l. Let s = 6 + -4. Let p be (2/4)/(s/(-4)). Give y(p).
0
Let b = 8 - 2. Suppose 27 = 3*g + b. Let v = -10 + g. Let f(c) = -c**3 - 3*c**2 + 2. Give f(v).
2
Let y(n) = n**3 + n + 1. Let c(x) = -x + 7*x**2 + 8*x - x**3 + 2*x - 9 + 0*x. Let f be c(8). Give y(f).
-1
Let n be 32/144 - (-5)/((-90)/4). Let y be 1*n*(-1)/(-5). Let d(s) = -s**3 + s**2 - 3. Give d(y).
-3
Let s(v) = -24*v. Let q(t) = t + 95 - 189 + 94. Let h(f) = 36*q(f) + s(f). Determine h(-1).
-12
Suppose 3*m - 12 = -n, 2*m - 5 = -4*n + 13. Let p(o) = -5 - 8*o**2 + 4*o**2 - 7*o + m*o**2. Give p(-5).
5
Let n(z) = -4*z - 3. Let k = 145 + -148. What is n(k)?
9
Let m(p) = 5*p - 5. Let t(l) = -l. Let k(q) = -m(q) - 4*t(q). Suppose 6*w = 2*w. What is k(w)?
5
Let v(q) = q**2 + 7*q + 11. Let p be ((-80)/15 + 5)*18. Give v(p).
5
Let f(o) = -o**3 - 8*o**2 - o - 1. Let j(g) = -3*g**3 - 23*g**2 - 2*g - 3. Let l be -3 + 4 + -16 + 4. Let a(b) = l*f(b) + 4*j(b). Calculate a(-5).
9
Let m(p) = -p**2 - 6*p - 7. Let z be m(-6). Let t(w) = w**2 + 8*w - 1. Let k be t(z). Let l(f) = -f**3 - 9*f**2 - 6*f + 10. Calculate l(k).
-6
Let g(h) be the third derivative of 2*h**5/15 - h**4/24 + h**3/6 + 2*h**2. Suppose 2*n = -2*c - 6, 15 = -7*n + 6*n - 4*c. Determine g(n).
8
Let b(l) = -2*l + 126 - 111 + 9*l. Let h(z) = -6*z - 14. Let c(g) = 4*b(g) + 5*h(g). Give c(-5).
0
Suppose -x + 2*l = -3 - 8, -l = 5. Let m(u) = 3*u**3 - 2*u**2 - u + 2. Give m(x).
2
Let t = -2071 - -2066. Let p(y) = -y**3 - 5*y**2 - 3*y + 7. Give p(t).
22
Let z be 1/((-20)/(-150)) - 1/(-2). Let c(m) = -2*m**2 + 16*m - 8. Determine c(z).
-8
Let s(m) = m**3 - 5*m**2 - 6*m - 1. Suppose -5*n + 10 = -5. Let t be -1*(-5 - (-2 + n)). Suppose c = -0*c + t. Determine s(c).
-1
Let x(b) = 1. Let h(l) = 21*l + 26. Let u(z) = -h(z) - 4*x(z). Let a(c) = -4*c - 6. Let f(p) = -11*a(